 and 20470.
230
Calculate the highest common divisor of 16929 and 3344.
209
What is the highest common divisor of 1309 and 46530?
11
Calculate the greatest common divisor of 33620 and 24190.
410
What is the greatest common factor of 434232 and 9291?
489
What is the greatest common factor of 31109 and 364?
13
What is the highest common factor of 570 and 78394?
38
What is the highest common divisor of 13908 and 57?
57
What is the highest common factor of 24875 and 81590?
995
What is the highest common divisor of 2280 and 592?
8
What is the greatest common factor of 2958 and 928?
58
Calculate the greatest common divisor of 1500 and 92500.
500
What is the highest common divisor of 1734 and 11526?
102
Calculate the greatest common factor of 31126 and 157994.
394
What is the highest common factor of 45984 and 244?
4
Calculate the highest common divisor of 180191 and 121.
11
What is the greatest common divisor of 148032 and 90?
18
What is the greatest common divisor of 47439 and 14?
7
Calculate the greatest common divisor of 2752 and 13588.
172
What is the greatest common divisor of 17075 and 18441?
683
Calculate the highest common factor of 138 and 1335771.
69
What is the greatest common divisor of 2436 and 28?
28
What is the highest common factor of 243 and 18306?
81
What is the greatest common divisor of 52 and 7524608?
52
What is the highest common divisor of 2505 and 2876575?
835
Calculate the greatest common factor of 1482 and 350246.
494
What is the greatest common factor of 288 and 2118?
6
Calculate the highest common divisor of 9 and 157587.
3
Calculate the highest common factor of 20 and 58400.
20
Calculate the greatest common divisor of 119484 and 1908.
36
Calculate the highest common divisor of 11 and 1701.
1
Calculate the greatest common divisor of 1192499 and 308.
77
What is the highest common factor of 2548 and 363727?
637
What is the greatest common divisor of 407856 and 2930?
586
Calculate the highest common factor of 30825 and 28575.
225
What is the highest common factor of 33558 and 917?
7
Calculate the greatest common divisor of 2363298 and 168.
42
What is the greatest common divisor of 235536 and 96?
48
Calculate the highest common divisor of 320542 and 12581.
547
What is the greatest common factor of 1357768 and 258?
86
What is the greatest common factor of 10112 and 4096?
128
What is the greatest common divisor of 1825 and 305?
5
Calculate the highest common divisor of 89 and 81.
1
What is the highest common factor of 15 and 3918?
3
Calculate the greatest common factor of 60 and 64290.
30
What is the highest common divisor of 8448 and 9536?
64
Calculate the highest common divisor of 571 and 19558463.
571
What is the greatest common divisor of 7453 and 29041?
257
Calculate the greatest common divisor of 30 and 473010.
30
What is the greatest common divisor of 440148 and 1032?
516
What is the highest common factor of 100 and 878850?
50
Calculate the greatest common divisor of 152024 and 8.
8
What is the greatest common factor of 1938 and 232446?
114
Calculate the highest common factor of 336 and 34128.
48
What is the greatest common divisor of 303 and 116049?
303
Calculate the greatest common divisor of 282 and 102.
6
What is the highest common divisor of 31 and 1820537?
31
What is the greatest common factor of 17699 and 220?
11
What is the greatest common factor of 7924 and 413?
7
What is the greatest common factor of 8035544 and 440?
88
What is the highest common divisor of 5 and 45017?
1
What is the highest common divisor of 43099 and 423?
47
What is the greatest common factor of 10650 and 750?
150
Calculate the greatest common factor of 474712 and 1038.
346
Calculate the greatest common factor of 11 and 124619.
11
Calculate the greatest common factor of 528 and 16256.
16
Calculate the highest common factor of 220 and 2392522.
22
Calculate the highest common factor of 9951 and 4815.
321
Calculate the highest common divisor of 88352 and 22.
22
Calculate the highest common divisor of 1791 and 47079.
9
Calculate the greatest common factor of 96 and 84432.
48
Calculate the highest common factor of 195006 and 189.
21
Calculate the greatest common factor of 20212 and 84568.
124
What is the highest common divisor of 630 and 13041?
63
Calculate the highest common divisor of 788 and 10619876.
788
What is the highest common factor of 147 and 279545?
49
What is the highest common divisor of 56 and 7322?
14
What is the greatest common factor of 29004 and 24?
12
What is the greatest common divisor of 2464609 and 149?
149
Calculate the highest common divisor of 847780 and 380.
380
What is the greatest common divisor of 7992 and 7252?
148
What is the highest common factor of 40 and 4420?
20
Calculate the greatest common factor of 378 and 5481.
189
What is the highest common factor of 3211 and 832?
13
Calculate the highest common factor of 32514 and 57.
3
What is the greatest common divisor of 45 and 1318920?
15
Calculate the highest common divisor of 81 and 22734.
27
Calculate the greatest common divisor of 92 and 328647.
23
What is the highest common divisor of 6025 and 562735?
1205
Calculate the greatest common divisor of 132562 and 158.
158
Calculate the greatest common factor of 18871 and 2839.
167
What is the highest common factor of 3059 and 61313?
133
Calculate the highest common factor of 320800 and 3000.
200
Calculate the greatest common factor of 7266 and 714.
42
Calculate the greatest common factor of 3697161 and 564.
141
What is the greatest common factor of 91130 and 5?
5
What is the greatest common divisor of 494 and 78204?
38
What is the greatest common divisor of 94081 and 221?
13
Calculate the highest common divisor of 376 and 617768.
376
Calculate the greatest common factor of 105 and 1122660.
105
Calculate the greatest common divisor of 266602 and 548.
274
What is the highest common factor of 118053 and 299?
13
What is the highest common factor of 277433 and 65?
13
What is the highest common divisor of 828 and 46989?
207
What is the highest common divisor of 1261 and 5486?
13
Calculate the highest common factor of 6479689 and 137.
137
Calculate the greatest common factor of 46 and 7596808.
46
Calculate the greatest common factor of 340 and 30464.
68
What is the highest common divisor of 322624 and 8?
8
Calculate the greatest common factor of 2011130 and 940.
470
What is the greatest common factor of 642238 and 38?
38
What is the highest common factor of 598 and 769574?
26
What is the highest common divisor of 7827 and 69?
3
What is the highest common divisor of 69831 and 108?
9
Calculate the greatest common divisor of 10129 and 42.
7
What is the highest common divisor of 4053 and 105?
21
Calculate the greatest common divisor of 22296 and 1704.
24
Calculate the greatest common divisor of 638 and 990.
22
Calculate the greatest common divisor of 1 and 621.
1
What is the highest common divisor of 146100 and 1000?
100
What is the greatest common divisor of 630 and 246435?
105
Calculate the greatest common divisor of 56892 and 4620.
132
Calculate the highest common divisor of 4165 and 68595.
85
What is the highest common divisor of 48077 and 4037?
367
Calculate the greatest common factor of 760194 and 157.
157
Calculate the highest common divisor of 59687 and 136.
17
What is the greatest common divisor of 2394 and 148770?
342
Calculate the greatest common divisor of 128 and 7360.
64
What is the highest common factor of 241733 and 1696?
53
What is the greatest common factor of 2304 and 145728?
576
Calculate the highest common divisor of 1116 and 56652.
12
What is the greatest common factor of 46828 and 276?
92
What is the highest common divisor of 207844 and 728?
364
Calculate the highest common divisor of 7638 and 144.
6
What is the highest common factor of 407 and 2711434?
407
What is the highest common factor of 2040 and 15640?
680
What is the greatest common divisor of 56856 and 600?
24
What is the greatest common divisor of 174886 and 1?
1
What is the greatest common divisor of 438237 and 27?
27
What is the highest common divisor of 5 and 19807?
1
Calculate the highest common factor of 515 and 306631.
103
Calculate the greatest common divisor of 208473 and 51.
3
Calculate the greatest common divisor of 2928 and 36417.
1